{"id":317,"date":"2019-03-11T07:24:44","date_gmt":"2019-03-11T07:24:44","guid":{"rendered":"http:\/\/demo.accesspressthemes.com\/zigcy-lite\/demo-one\/?page_id=317"},"modified":"2025-04-11T12:00:00","modified_gmt":"2025-04-11T12:00:00","slug":"regulamin","status":"publish","type":"page","link":"https:\/\/immersafe.pl\/sklep\/regulamin\/","title":{"rendered":"Regulamin"},"content":{"rendered":"\n<ol class=\"wp-block-list\">\n<li>Definicje<br>1.1. Klient \u2013 osoba fizyczna prowadz\u0105ca dzia\u0142alno\u015b\u0107 gospodarcz\u0105 wpisana do ewidencji dzia\u0142alno\u015bci gospodarczej, osoba prawna oraz jednostka organizacyjna nie posiadaj\u0105c\u0105 osobowo\u015bci prawnej, ale posiadaj\u0105ca zdolno\u015b\u0107 prawn\u0105, kt\u00f3ra dokonuje lub zamierza dokona\u0107 zakupu Towar\u00f3w w celach zwi\u0105zanych bezpo\u015brednio z jej dzia\u0142alno\u015bci\u0105 gospodarcz\u0105 lub zawodow\u0105;<br>1.2. Sprzedawca \u2013 IMMERSAFE POLSKA SP. Z O.O., Ul. Sienkiewicza 28\/15, 50-335 Wroc\u0142aw, NIP 8952093668, Regon 365381410, KRS 0000636988<br>1.3. Regulamin \u2013 niniejszy Regulamin \u015bwiadczenia us\u0142ug drog\u0105 elektroniczn\u0105 w ramach sklepu internetowego immersafe.pl\/sklep<br>1.4. Sklep internetowy (Sklep) \u2013 serwis internetowy dost\u0119pny pod immersafe.pl\/sklep, za po\u015brednictwem kt\u00f3rego Klient mo\u017ce sk\u0142ada\u0107 Zam\u00f3wienia;<br>1.5. Towar \u2013 produkty prezentowane w Sklepie Internetowym;<br>1.6. Umowa sprzeda\u017cy \u2013 umowa sprzeda\u017cy Towar\u00f3w w rozumieniu Kodeksu Cywilnego, zawarta pomi\u0119dzy Immersafe Polska Sp. z o.o. a Klientem, zawierana z wykorzystaniem Sklepu internetowego;<br>1.7. Zam\u00f3wienie \u2013 o\u015bwiadczenie woli Klienta, zmierzaj\u0105ce bezpo\u015brednio do zawarcia Umowy sprzeda\u017cy, okre\u015blaj\u0105ce w szczeg\u00f3lno\u015bci rodzaj i liczb\u0119 Towaru.<\/li>\n\n\n\n<li>Postanowienia og\u00f3lne<br>2.1. Niniejszy Regulamin okre\u015bla w szczeg\u00f3lno\u015bci:<br>2.1.1. zasady dokonywania rejestracji i korzystania z konta w ramach sklepu internetowego;<br>2.1.2. warunki i zasady dokonywania elektronicznej rezerwacji produkt\u00f3w dost\u0119pnych w ramach sklepu internetowego;<br>2.1.3. warunki i zasady sk\u0142adania drog\u0105 elektroniczn\u0105 Zam\u00f3wie\u0144 w ramach sklepu internetowego;<br>2.1.4. zasady zawierania Um\u00f3w sprzeda\u017cy z wykorzystaniem us\u0142ug \u015bwiadczonych w ramach Sklepu Internetowego.<br>2.2. W celu korzystania ze sklepu internetowego Klient powinien we w\u0142asnym zakresie uzyska\u0107 dost\u0119p do stanowiska komputerowego lub urz\u0105dzenia ko\u0144cowego, z dost\u0119pem do Internetu.<br>2.3. Zgodnie z obowi\u0105zuj\u0105cymi przepisami prawa Immersafe Polska Sp. z o.o. zastrzega sobie mo\u017cliwo\u015b\u0107 ograniczenia \u015bwiadczenia us\u0142ug za po\u015brednictwem Sklepu internetowego do os\u00f3b, kt\u00f3re nie uko\u0144czy\u0142y 18 lat. W takim przypadku potencjalni Klienci zostan\u0105 o powy\u017cszym powiadomieni.<br>2.4. Informacje o Towarach podane na stronach internetowych Sklepu, w szczeg\u00f3lno\u015bci ich opisy, parametry techniczne i u\u017cytkowe oraz ceny, nie stanowi\u0105 zaproszenia do zawarcia umowy, w rozumieniu art. 71 Kodeksu Cywilnego. Mimo dokonania wszelkich stara\u0144, nie bierzemy pe\u0142nej odpowiedzialno\u015bci za zdj\u0119cia i opisy znajduj\u0105ce w Sklepie internetowym.<br>2.5. Informacje o Towarach oraz zaproszenie do zawarcia umowy jest skierowane do Klient\u00f3w b\u0119d\u0105cych przedsi\u0119biorcami, co oznacza, i\u017c do Umowy sprzeda\u017cy nie maj\u0105 zastosowania przepisy ustawy z 2 marca 2000 r. o ochronie niekt\u00f3rych praw konsumenckich oraz o odpowiedzialno\u015bci za szkod\u0119 wyrz\u0105dzon\u0105 przez produkt niebezpieczny oraz ustawy z dnia 27 lipca 2002 r. o szczeg\u00f3lnych warunkach sprzeda\u017cy konsumenckiej oraz o zmianie Kodeksu cywilnego<\/li>\n\n\n\n<li>Zasady korzystania ze Sklepu Internetowego<br>3.1. W celu zapewnienia bezpiecze\u0144stwa przekazu komunikat\u00f3w i danych w zwi\u0105zku ze \u015bwiadczonymi w ramach Witryny us\u0142ugami, Sklep internetowy podejmuje \u015brodki techniczne i organizacyjne odpowiednie do stopnia zagro\u017cenia bezpiecze\u0144stwa \u015bwiadczonych us\u0142ug, w szczeg\u00f3lno\u015bci \u015brodki s\u0142u\u017c\u0105ce zapobieganiu pozyskiwania i modyfikacji przez osoby nieuprawnione danych osobowych przesy\u0142anych w Internecie.<br>3.2. Klient zobowi\u0105zany jest w szczeg\u00f3lno\u015bci do:<br>3.2.1. niedostarczania i nieprzekazywania tre\u015bci zabronionych przez przepisy prawa, np. tre\u015bci propaguj\u0105cych przemoc, znies\u0142awiaj\u0105cych lub naruszaj\u0105cych dobra osobiste i inne prawa os\u00f3b trzecich,<br>3.2.2. korzystania ze Sklepu internetowego w spos\u00f3b nie zak\u0142\u00f3caj\u0105cy jego funkcjonowania, w szczeg\u00f3lno\u015bci poprzez u\u017cycie okre\u015blonego oprogramowania lub urz\u0105dze\u0144,<br>3.2.3. niepodejmowania dzia\u0142a\u0144 takich jak: rozsy\u0142anie lub umieszczanie w ramach Sklepu internetowego niezam\u00f3wionej informacji handlowej (spam),<br>3.2.4. korzystania ze Sklepu internetowego w spos\u00f3b nieuci\u0105\u017cliwy dla innych klient\u00f3w oraz dla Immersafe Polska Sp. z o.o.<br>3.2.5. korzystania z wszelkich tre\u015bci zamieszczonych w ramach Sklepu internetowego jedynie w zakresie w\u0142asnego u\u017cytku osobistego, nie odpowiadamy za spos\u00f3b w jaki klient korzysta z tre\u015bci umieszczonych na platformie.<br>3.2.6. korzystania ze Sklepu internetowego w spos\u00f3b zgodny z przepisami obowi\u0105zuj\u0105cego na terytorium Rzeczypospolitej Polskiej prawa, postanowieniami Regulaminu, a tak\u017ce z og\u00f3lnymi zasadami korzystania z sieci Internet.<\/li>\n\n\n\n<li>Procedura zawarcia Umowy sprzeda\u017cy<br>4.1. W celu zawarcia Umowy sprzeda\u017cy za po\u015brednictwem Sklepu internetowego nale\u017cy wej\u015b\u0107 na stron\u0119 internetow\u0105 immersafe.pl\/sklep, dokona\u0107 wyboru, podejmuj\u0105c kolejne czynno\u015bci techniczne w oparciu o wy\u015bwietlane Klientowi komunikaty oraz informacje dost\u0119pne na stronie.<br>4.2. Wyb\u00f3r zamawianych Towar\u00f3w przez Klienta jest dokonywany poprzez ich dodanie do koszyka.<br>4.3. W trakcie sk\u0142adania Zam\u00f3wienia \u2013 do momentu naci\u015bni\u0119cia przycisku \u201eZ\u0142\u00f3\u017c zam\u00f3wienie\u201d \u2013 Klient ma mo\u017cliwo\u015b\u0107 modyfikacji wprowadzonych danych oraz w zakresie wyboru Towaru. W tym celu nale\u017cy kierowa\u0107 si\u0119 wy\u015bwietlanymi Klientowi komunikatami oraz informacjami dost\u0119pnymi na stronie.<br>4.4. Po podaniu przez Klienta korzystaj\u0105cego ze Sklepu internetowego wszystkich niezb\u0119dnych danych, wy\u015bwietlone zostanie podsumowanie z\u0142o\u017conego Zam\u00f3wienia. Podsumowanie z\u0142o\u017conego Zam\u00f3wienia b\u0119dzie zawiera\u0107 informacje dotycz\u0105ce:<br>4.4.1. przedmiotu zam\u00f3wienia<br>4.4.2. jednostkowej oraz \u0142\u0105cznej ceny<\/li>\n<\/ol>\n\n\n\n<ol start=\"5\" class=\"wp-block-list\">\n<li>Prawo odst\u0105pienia od umowy<br>5.1. Umowa zawarta zgodnie z postanowieniami niniejszego rozdzia\u0142u stanowi umow\u0119 zawieran\u0105 na odleg\u0142o\u015b\u0107 w rozumieniu ustawy z dnia 30 maja 2014 roku o prawach konsumenta (zwanej dalej \u201eUstaw\u0105\u201d).<br>5.2. Spos\u00f3b i termin wykonania prawa odst\u0105pienia od Umowy zosta\u0142y opisane szczeg\u00f3\u0142owo w <a href=\"https:\/\/immersafe.pl\/zal1.pdf\">Za\u0142\u0105czniku numer 1<\/a> do niniejszego Regulaminu o tre\u015bci zgodnej z Za\u0142\u0105cznikiem numer 1 do Ustawy.<br>5.3. Wykonanie prawa odst\u0105pienia od Umowy mo\u017ce zosta\u0107 wykonane przy wykorzystaniu formularza odst\u0105pienia od Umowy, zawartego w <a href=\"https:\/\/immersafe.pl\/zal2.pdf\">Za\u0142\u0105czniku numer 2<\/a> do niniejszego Regulaminu o tre\u015bci zgodnej z Za\u0142\u0105cznikiem numer 2 do Ustawy.<br>5.3. Klient ma prawo odst\u0105pi\u0107 od Umowy bez podania przyczyny w terminie 14 dni od daty otrzymania towaru. W razie odst\u0105pienia przez Klienta od Umowy, Umowa uwa\u017cana jest za niezawart\u0105, a wzajemne \u015bwiadczenia Klienta i Sprzedawcy podlegaj\u0105 zwrotowi.<br>5.4. Klient ma obowi\u0105zek zwr\u00f3ci\u0107 Towar b\u0119d\u0105cy przedmiotem zwrotu w terminie 14 dni od dnia, w kt\u00f3rym odst\u0105pi\u0142 od Umowy. Do zachowania wskazanego terminu wystarczy odes\u0142anie rzeczy przed jego up\u0142ywem.<br><\/li>\n\n\n\n<li>Dostawa<br>6.1. Dostawa Towar\u00f3w  jest ograniczona do obszaru Rzeczpospolitej Polskiej i odbywa si\u0119 pod adres wskazany przez Klienta w trakcie sk\u0142adania zam\u00f3wienia.<br>6.2. Dostawa zam\u00f3wionych towar\u00f3w odbywa si\u0119 transportem w\u0142asnym, przesy\u0142k\u0105 kuriersk\u0105. Dodatkowo koszty dostawy zostan\u0105 wskazane w czasie sk\u0142adania zam\u00f3wienia oraz po potwierdzeniu zam\u00f3wienia z opiekunem handlowym.<br>6.3. Termin realizacji dostawy wynosi od 3 do 7 dni roboczych licz\u0105c od dnia wys\u0142ania przez klienta zam\u00f3wienia, o ile produkty w trakcie sk\u0142adania zam\u00f3wienia s\u0105 dost\u0119pne.<br>6.4. Klient, odbieraj\u0105c przesy\u0142k\u0119 z zam\u00f3wieniem, powinien sprawdzi\u0107 stan przesy\u0142ki. W przypadku stwierdzenia zniszczenia lub naruszenia opakowania nale\u017cy sporz\u0105dzi\u0107 protok\u00f3\u0142 szkody. Protok\u00f3\u0142 szkody przes\u0142any do Sklepu wraz z reklamacj\u0105 co u\u0142atwi jej rozpatrzenie.<\/li>\n\n\n\n<li>Ceny i metody p\u0142atno\u015bci<br>7.1. Ceny Towar\u00f3w podawane s\u0105 w z\u0142otych polskich i zawieraj\u0105 wszystkie sk\u0142adniki, w tym podatek VAT, c\u0142a oraz wszelkie inne sk\u0142adniki. W przypadku kontrahent\u00f3w zagranicznych jest mo\u017cliwo\u015b\u0107 ustawienia p\u0142atno\u015bci w obcej walucie oraz z 0% VAT.<br>7.2. Klient ma mo\u017cliwo\u015b\u0107 uiszczenia ceny:<br>7.2.1. przelewem na numer konta bankowego Nest Bank PL 59 2530 0008 2053 1059 9938 0001, BIC: NESBPLPW<br>7.2.2. przelewem bankowym za po\u015brednictwem systemu Przelewy24 \u2013 PayPro S.A. ul. Kanclerska 15, 60-327 Pozna\u0144<br>7.2.3. za po\u015brednictwem karty kredytowej (mastercard, visa) w systemie Przelewy24 \u2013 PayPro S.A. ul. Kanclerska 15, 60-327 Pozna\u0144<br>7.2.4. przy odbiorze, po uwzgl\u0119dnieniu dodatkowego kosztu w kwocie 10 z\u0142 ponoszonym przez klienta w zwi\u0105zku z wy\u017cszym kosztem dostawy przez firm\u0119 kuriersk\u0105<br>7.2.5. p\u0142atno\u015b\u0107 po otrzymaniu towaru w ustalonym indywidualnie terminie dla klient\u00f3w o dobrej kondycji p\u0142atniczej, przyznawane po analizie dokument\u00f3w finansowych.<br>7.3. Sklep zastrzega sobie prawo do wy\u0142\u0105czenia formy p\u0142atno\u015bci \u201cp\u0142atno\u015b\u0107 przy odbiorze\u201d Klientowi, kt\u00f3ry nie odbierze jednego zrealizowanego zam\u00f3wienia p\u0142atnego przy odbiorze, bez wzgl\u0119du na form\u0119 dostawy. Przywr\u00f3cenie formy dokonania zap\u0142aty \u201cp\u0142atno\u015b\u0107 przy odbiorze\u201d dla danego Klienta nast\u0119puje po z\u0142o\u017ceniu i odebraniu kolejnego zam\u00f3wienia op\u0142aconego w inny spos\u00f3b ni\u017c \u201cprzy odbiorze\u201d.<br>7.4. Wszystkie ceny towar\u00f3w zamieszczone na stronie internetowej Sklepu:<br>7.4.1. podawane s\u0105 w z\u0142otych polskich<br>7.4.2. podane ceny s\u0105 cenami netto, w koszyku wy\u015bwietlane s\u0105 ceny brutto<br>7.4.3. nie zawieraj\u0105 informacji dotycz\u0105cych koszt\u00f3w dostawy<br>7.4.4. cena podana przy ka\u017cdym towarze jest wi\u0105\u017c\u0105ca w chwili z\u0142o\u017cenia przez Klienta zam\u00f3wienia<br>7.5. W przypadku towar\u00f3w o warto\u015bci poni\u017cej 450 PLN netto pobieramy zrycza\u0142towan\u0105 op\u0142at\u0119 za wysy\u0142k\u0119 w wysoko\u015bci 35 PLN netto<\/li>\n\n\n\n<li>Reklamacje dotycz\u0105ce towar\u00f3w<br>8.1. Reklamacje dotycz\u0105ce uszkodze\u0144 mechanicznych Towar\u00f3w powsta\u0142ych podczas transportu b\u0119d\u0105 rozpatrywane pod warunkiem spisania protoko\u0142u reklamacyjnego (<a href=\"https:\/\/immersafe.pl\/protokol_reklamacji.pdf\" target=\"_blank\" rel=\"noreferrer noopener\">dost\u0119pnego na stronie sklepu<\/a>). W takim przypadku Klient powinien niezw\u0142ocznie poinformowa\u0107 sprzedawc\u0119 o tym fakcie za po\u015brednictwem poczty e-mail na adres: info@immersafe.pl, a nast\u0119pnie oczekiwa\u0107 informacji zwrotnej potwierdzaj\u0105cej fakt reklamowania towaru (w zwi\u0105zku z uszkodzeniami powsta\u0142ymi podczas transportu). Po otrzymanym potwierdzeniu odes\u0142a\u0107 towar na adres magazynu firmy: Ul. Sienkiewicza 28\/15, 50-335 Wroc\u0142aw<br>8.2. Do odsy\u0142anego towaru nale\u017cy do\u0142\u0105czy\u0107 faktur\u0119 z wype\u0142nionym formularzem reklamacji.<br>8.3. Sklep nie przyjmuje \u017cadnych przesy\u0142ek odsy\u0142anych za pobraniem.<br>8.4. Sklep, najp\u00f3\u017aniej w ci\u0105gu 14 dni od daty otrzymania przesy\u0142ki z reklamowanym towarem, ustosunkuje si\u0119 do z\u0142o\u017conej reklamacji i poinformuje Klienta o dalszym post\u0119powaniu. W przypadku uznania reklamacji, nieuszkodzony towar zostanie odes\u0142any do klienta. Je\u015bli nie b\u0119dzie to mo\u017cliwe (na przyk\u0142ad z powodu wyczerpania zapas\u00f3w towaru), Sklep zwr\u00f3ci Klientowi r\u00f3wnowarto\u015b\u0107 ceny towaru lub zaoferuje mu inne, dost\u0119pne w Sklepie towary do wyboru. Koszty zwi\u0105zane z odes\u0142aniem towaru reklamowanego, Sklep zwraca po pozytywnym rozpatrzeniu reklamacji.<br>8.5. Ustawowa odpowiedzialno\u015b\u0107 Immersafe Polska Sp. z o.o. z tytu\u0142u r\u0119kojmi za wady Towaru jest pomi\u0119dzy Stronami wy\u0142\u0105czona.<br>8.6. Immersafe Polska Sp. z o.o. nie przyjmuje zwrotu produkt\u00f3w zakupionych w Sklepie Internetowym.<\/li>\n\n\n\n<li>Reklamacje w zakresie \u015bwiadczenia us\u0142ug drog\u0105 elektroniczn\u0105<br>9.1. Immersafe Polska Sp. z o.o.. podejmuje dzia\u0142ania w celu zapewnienia w pe\u0142ni poprawnego dzia\u0142ania Sklepu, w takim zakresie, jaki wynika z aktualnej wiedzy technicznej i zobowi\u0105zuje si\u0119 usun\u0105\u0107 w rozs\u0105dnym terminie wszelkie nieprawid\u0142owo\u015bci zg\u0142oszone przez Klient\u00f3w.<br>9.2. Klient zobowi\u0105zany jest niezw\u0142ocznie powiadomi\u0107 Immersafe Polska Sp. z o.o. o wszelkich nieprawid\u0142owo\u015bciach lub przerwach w funkcjonowaniu serwisu Sklepu Internetowego.<br>9.3. Nieprawid\u0142owo\u015bci zwi\u0105zane z funkcjonowaniem Sklepu Klient mo\u017ce zg\u0142asza\u0107 pisemnie na adres: mailowo pod info@immersafe.pl, przy u\u017cyciu formularza kontaktowego lub telefonicznie pod numerem tel. +48 71 726 19 37<br>9.4. W reklamacji Klient powinien poda\u0107 swoje imi\u0119 i nazwisko, adres do korespondencji, rodzaj i dat\u0119 wyst\u0105pienia nieprawid\u0142owo\u015bci zwi\u0105zanej z funkcjonowaniem Sklepu.<br>9.5. Immersafe Polska Sp. z o.o. zobowi\u0105zuje si\u0119 do rozpatrzenia ka\u017cdej reklamacji w terminie do 14 dni, a gdyby to nie by\u0142o mo\u017cliwe, do poinformowania w tym okresie Klienta, kiedy reklamacja zostanie rozpatrzona.<\/li>\n\n\n\n<li>Postanowienia ko\u0144cowe<br>10.1. Rozstrzyganie ewentualnych spor\u00f3w powsta\u0142ych pomi\u0119dzy Immersafe Polska Sp. z o.o. a Klientem, kt\u00f3ry jest konsumentem w rozumieniu art. 221 Kodeksu Cywilnego, zostaje poddane s\u0105dom w\u0142a\u015bciwym zgodnie z postanowieniami w\u0142a\u015bciwych przepis\u00f3w Kodeksu post\u0119powania cywilnego.<br>10.2. Rozstrzyganie ewentualnych spor\u00f3w powsta\u0142ych pomi\u0119dzy Immersafe Polska Sp. z o.o. a Klientem, kt\u00f3ry nie jest konsumentem w rozumieniu art. 221 Kodeksu Cywilnego Kodeksu Cywilnego, zostaje poddane s\u0105dowi w\u0142a\u015bciwemu ze wzgl\u0119du na siedzib\u0119 Immersafe Polska Sp. z o.o.<br>10.3. W sprawach nieuregulowanych w niniejszym Regulaminie maj\u0105 zastosowanie przepisy Kodeksu cywilnego, przepisy Ustawy o \u015bwiadczeniu us\u0142ug drog\u0105 elektroniczn\u0105 oraz inne w\u0142a\u015bciwe przepisy prawa polskiego.<\/li>\n<\/ol>\n","protected":false},"excerpt":{"rendered":"","protected":false},"author":1,"featured_media":0,"parent":0,"menu_order":0,"comment_status":"closed","ping_status":"closed","template":"","meta":{"footnotes":""},"class_list":["post-317","page","type-page","status-publish","hentry"],"_links":{"self":[{"href":"https:\/\/immersafe.pl\/sklep\/wp-json\/wp\/v2\/pages\/317","targetHints":{"allow":["GET"]}}],"collection":[{"href":"https:\/\/immersafe.pl\/sklep\/wp-json\/wp\/v2\/pages"}],"about":[{"href":"https:\/\/immersafe.pl\/sklep\/wp-json\/wp\/v2\/types\/page"}],"author":[{"embeddable":true,"href":"https:\/\/immersafe.pl\/sklep\/wp-json\/wp\/v2\/users\/1"}],"replies":[{"embeddable":true,"href":"https:\/\/immersafe.pl\/sklep\/wp-json\/wp\/v2\/comments?post=317"}],"version-history":[{"count":21,"href":"https:\/\/immersafe.pl\/sklep\/wp-json\/wp\/v2\/pages\/317\/revisions"}],"predecessor-version":[{"id":2091,"href":"https:\/\/immersafe.pl\/sklep\/wp-json\/wp\/v2\/pages\/317\/revisions\/2091"}],"wp:attachment":[{"href":"https:\/\/immersafe.pl\/sklep\/wp-json\/wp\/v2\/media?parent=317"}],"curies":[{"name":"wp","href":"https:\/\/api.w.org\/{rel}","templated":true}]}}