{"id":368,"date":"2018-11-27T07:07:22","date_gmt":"2018-11-27T07:07:22","guid":{"rendered":"http:\/\/demo.accesspressthemes.com\/store-mart-lite\/?page_id=2"},"modified":"2024-11-06T12:57:33","modified_gmt":"2024-11-06T12:57:33","slug":"intermodal-2023","status":"publish","type":"page","link":"https:\/\/immersafe.pl\/sklep\/intermodal-2023\/","title":{"rendered":"Immersafe na targach Intermodal Europe 2023 w Amsterdamie!"},"content":{"rendered":"\t\t<div data-elementor-type=\"wp-page\" data-elementor-id=\"368\" class=\"elementor elementor-368\">\n\t\t\t\t<div class=\"elementor-element elementor-element-0289691 e-flex e-con-boxed e-con e-parent\" data-id=\"0289691\" data-element_type=\"container\" data-e-type=\"container\">\n\t\t\t\t\t<div class=\"e-con-inner\">\n\t\t<div class=\"elementor-element elementor-element-da29c75 e-con-full e-flex e-con e-child\" data-id=\"da29c75\" data-element_type=\"container\" data-e-type=\"container\" data-settings=\"{&quot;background_background&quot;:&quot;classic&quot;}\">\n\t\t\t\t<\/div>\n\t\t<div class=\"elementor-element elementor-element-3bc7b30 e-con-full e-flex e-con e-child\" data-id=\"3bc7b30\" data-element_type=\"container\" data-e-type=\"container\">\n\t\t\t\t<div class=\"elementor-element elementor-element-2b757ee elementor-widget elementor-widget-text-editor\" data-id=\"2b757ee\" data-element_type=\"widget\" data-e-type=\"widget\" data-widget_type=\"text-editor.default\">\n\t\t\t\t<div class=\"elementor-widget-container\">\n\t\t\t\t\t\t\t\t\t<h3>W dniach 10\u201312 pa\u017adziernika 2023 r. firma Immersafe mia\u0142a przyjemno\u015b\u0107 uczestniczy\u0107 w presti\u017cowych targach Intermodal Europe w RAI Amsterdam. To jedno z najwa\u017cniejszych wydarze\u0144 bran\u017cy logistycznej i transportowej w Europie, kt\u00f3re co roku przyci\u0105ga wystawc\u00f3w i go\u015bci z ca\u0142ego \u015bwiata, pragn\u0105cych nawi\u0105za\u0107 nowe kontakty biznesowe oraz zaprezentowa\u0107 innowacyjne rozwi\u0105zania.<\/h3>\t\t\t\t\t\t\t\t<\/div>\n\t\t\t\t<\/div>\n\t\t\t\t<\/div>\n\t\t\t\t\t<\/div>\n\t\t\t\t<\/div>\n\t\t<div class=\"elementor-element elementor-element-9576be4 e-flex e-con-boxed e-con e-parent\" data-id=\"9576be4\" data-element_type=\"container\" data-e-type=\"container\">\n\t\t\t\t\t<div class=\"e-con-inner\">\n\t\t<div class=\"elementor-element elementor-element-59387c6 e-con-full e-flex e-con e-child\" data-id=\"59387c6\" data-element_type=\"container\" data-e-type=\"container\">\n\t\t\t\t<div class=\"elementor-element elementor-element-69de990 elementor-widget elementor-widget-text-editor\" data-id=\"69de990\" data-element_type=\"widget\" data-e-type=\"widget\" data-widget_type=\"text-editor.default\">\n\t\t\t\t<div class=\"elementor-widget-container\">\n\t\t\t\t\t\t\t\t\t\n<p>Na targach <strong>Intermodal<\/strong> przedstawili\u015bmy nasze zaawansowane rozwi\u0105zania w zakresie bezpiecze\u0144stwa i zarz\u0105dzania \u0142adunkami, dedykowane klientom z sektora logistycznego oraz transportowego. Dzi\u0119ki naszym technologiom zapewniamy maksymaln\u0105 ochron\u0119 i efektywno\u015b\u0107 w zabezpieczaniu \u0142adunk\u00f3w i kontener\u00f3w, co pozwala firmom minimalizowa\u0107 ryzyko oraz dba\u0107 o jako\u015b\u0107 dostarczanych towar\u00f3w.<\/p>\n\t\t\t\t\t\t\t\t<\/div>\n\t\t\t\t<\/div>\n\t\t\t\t<\/div>\n\t\t<div class=\"elementor-element elementor-element-3010fff e-con-full e-flex e-con e-child\" data-id=\"3010fff\" data-element_type=\"container\" data-e-type=\"container\" data-settings=\"{&quot;background_background&quot;:&quot;classic&quot;}\">\n\t\t\t\t<\/div>\n\t\t<div class=\"elementor-element elementor-element-7f57682 e-con-full e-flex e-con e-child\" data-id=\"7f57682\" data-element_type=\"container\" data-e-type=\"container\">\n\t\t\t\t<div class=\"elementor-element elementor-element-a2aee4b elementor-widget elementor-widget-text-editor\" data-id=\"a2aee4b\" data-element_type=\"widget\" data-e-type=\"widget\" data-widget_type=\"text-editor.default\">\n\t\t\t\t<div class=\"elementor-widget-container\">\n\t\t\t\t\t\t\t\t\t\n<p><\/p>\n<p>Nasz zesp\u00f3\u0142 mia\u0142 okazj\u0119 zaprezentowa\u0107 na \u017cywo innowacje, nad kt\u00f3rymi pracowali\u015bmy w ci\u0105gu ostatnich miesi\u0119cy. Targi Intermodal by\u0142y doskona\u0142\u0105 okazj\u0105 do rozm\u00f3w z kluczowymi graczami bran\u017cy oraz poznania najnowszych trend\u00f3w i technologii, kt\u00f3re kszta\u0142tuj\u0105 przysz\u0142o\u015b\u0107 logistyki. Cieszymy si\u0119, \u017ce nasza obecno\u015b\u0107 przyci\u0105gn\u0119\u0142a tak wielu odwiedzaj\u0105cych, a nasza oferta spotka\u0142a si\u0119 z du\u017cym zainteresowaniem.<\/p>\n<p><strong>Dzi\u0119kujemy wszystkim partnerom, klientom oraz uczestnikom, kt\u00f3rzy odwiedzili nasze stoisko. To by\u0142a inspiruj\u0105ca wymiana do\u015bwiadcze\u0144, kt\u00f3ra z pewno\u015bci\u0105 przyczyni si\u0119 do dalszego rozwoju naszej firmy. Ju\u017c teraz zapraszamy na kolejne wydarzenia, na kt\u00f3rych nie zabraknie Immersafe!<\/strong><\/p>\n\t\t\t\t\t\t\t\t<\/div>\n\t\t\t\t<\/div>\n\t\t\t\t<\/div>\n\t\t\t\t\t<\/div>\n\t\t\t\t<\/div>\n\t\t\t\t<\/div>\n\t\t","protected":false},"excerpt":{"rendered":"<p>W dniach 10\u201312 pa\u017adziernika 2023 r. firma Immersafe Benelux mia\u0142a przyjemno\u015b\u0107 uczestniczy\u0107 w presti\u017cowych targach Intermodal Europe w RAI Amsterdam. To jedno z najwa\u017cniejszych wydarze\u0144 bran\u017cy logistycznej i transportowej w Europie, kt\u00f3re co roku przyci\u0105ga wystawc\u00f3w i go\u015bci z ca\u0142ego \u015bwiata, pragn\u0105cych nawi\u0105za\u0107 nowe kontakty biznesowe oraz zaprezentowa\u0107 innowacyjne rozwi\u0105zania. Na targach Intermodal przedstawili\u015bmy nasze [&hellip;]<\/p>\n","protected":false},"author":1,"featured_media":0,"parent":0,"menu_order":0,"comment_status":"closed","ping_status":"open","template":"","meta":{"footnotes":""},"class_list":["post-368","page","type-page","status-publish","hentry"],"_links":{"self":[{"href":"https:\/\/immersafe.pl\/sklep\/wp-json\/wp\/v2\/pages\/368","targetHints":{"allow":["GET"]}}],"collection":[{"href":"https:\/\/immersafe.pl\/sklep\/wp-json\/wp\/v2\/pages"}],"about":[{"href":"https:\/\/immersafe.pl\/sklep\/wp-json\/wp\/v2\/types\/page"}],"author":[{"embeddable":true,"href":"https:\/\/immersafe.pl\/sklep\/wp-json\/wp\/v2\/users\/1"}],"replies":[{"embeddable":true,"href":"https:\/\/immersafe.pl\/sklep\/wp-json\/wp\/v2\/comments?post=368"}],"version-history":[{"count":15,"href":"https:\/\/immersafe.pl\/sklep\/wp-json\/wp\/v2\/pages\/368\/revisions"}],"predecessor-version":[{"id":2033,"href":"https:\/\/immersafe.pl\/sklep\/wp-json\/wp\/v2\/pages\/368\/revisions\/2033"}],"wp:attachment":[{"href":"https:\/\/immersafe.pl\/sklep\/wp-json\/wp\/v2\/media?parent=368"}],"curies":[{"name":"wp","href":"https:\/\/api.w.org\/{rel}","templated":true}]}}

<div data-elementor-type="wp-page" data-elementor-id="368" class="elementor elementor-368">
				<div class="elementor-element elementor-element-0289691 e-flex e-con-boxed e-con e-parent" data-id="0289691" data-element_type="container" data-e-type="container">
					<div class="e-con-inner">
		<div class="elementor-element elementor-element-da29c75 e-con-full e-flex e-con e-child" data-id="da29c75" data-element_type="container" data-e-type="container" data-settings="{&quot;background_background&quot;:&quot;classic&quot;}">
				</div>
		<div class="elementor-element elementor-element-3bc7b30 e-con-full e-flex e-con e-child" data-id="3bc7b30" data-element_type="container" data-e-type="container">
				<div class="elementor-element elementor-element-2b757ee elementor-widget elementor-widget-text-editor" data-id="2b757ee" data-element_type="widget" data-e-type="widget" data-widget_type="text-editor.default">
				<div class="elementor-widget-container">
									<h3>W dniach 10–12 października 2023 r. firma Immersafe miała przyjemność uczestniczyć w prestiżowych targach Intermodal Europe w RAI Amsterdam. To jedno z najważniejszych wydarzeń branży logistycznej i transportowej w Europie, które co roku przyciąga wystawców i gości z całego świata, pragnących nawiązać nowe kontakty biznesowe oraz zaprezentować innowacyjne rozwiązania.</h3>								</div>
				</div>
				</div>
					</div>
				</div>
		<div class="elementor-element elementor-element-9576be4 e-flex e-con-boxed e-con e-parent" data-id="9576be4" data-element_type="container" data-e-type="container">
					<div class="e-con-inner">
		<div class="elementor-element elementor-element-59387c6 e-con-full e-flex e-con e-child" data-id="59387c6" data-element_type="container" data-e-type="container">
				<div class="elementor-element elementor-element-69de990 elementor-widget elementor-widget-text-editor" data-id="69de990" data-element_type="widget" data-e-type="widget" data-widget_type="text-editor.default">
				<div class="elementor-widget-container">
									
<p>Na targach <strong>Intermodal</strong> przedstawiliśmy nasze zaawansowane rozwiązania w zakresie bezpieczeństwa i zarządzania ładunkami, dedykowane klientom z sektora logistycznego oraz transportowego. Dzięki naszym technologiom zapewniamy maksymalną ochronę i efektywność w zabezpieczaniu ładunków i kontenerów, co pozwala firmom minimalizować ryzyko oraz dbać o jakość dostarczanych towarów.</p>
								</div>
				</div>
				</div>
		<div class="elementor-element elementor-element-3010fff e-con-full e-flex e-con e-child" data-id="3010fff" data-element_type="container" data-e-type="container" data-settings="{&quot;background_background&quot;:&quot;classic&quot;}">
				</div>
		<div class="elementor-element elementor-element-7f57682 e-con-full e-flex e-con e-child" data-id="7f57682" data-element_type="container" data-e-type="container">
				<div class="elementor-element elementor-element-a2aee4b elementor-widget elementor-widget-text-editor" data-id="a2aee4b" data-element_type="widget" data-e-type="widget" data-widget_type="text-editor.default">
				<div class="elementor-widget-container">
									
<p></p>
<p>Nasz zespół miał okazję zaprezentować na żywo innowacje, nad którymi pracowaliśmy w ciągu ostatnich miesięcy. Targi Intermodal były doskonałą okazją do rozmów z kluczowymi graczami branży oraz poznania najnowszych trendów i technologii, które kształtują przyszłość logistyki. Cieszymy się, że nasza obecność przyciągnęła tak wielu odwiedzających, a nasza oferta spotkała się z dużym zainteresowaniem.</p>
<p><strong>Dziękujemy wszystkim partnerom, klientom oraz uczestnikom, którzy odwiedzili nasze stoisko. To była inspirująca wymiana doświadczeń, która z pewnością przyczyni się do dalszego rozwoju naszej firmy. Już teraz zapraszamy na kolejne wydarzenia, na których nie zabraknie Immersafe!</strong></p>
								</div>
				</div>
				</div>
					</div>
				</div>
				</div>

<p>W dniach 10–12 października 2023 r. firma Immersafe Benelux miała przyjemność uczestniczyć w prestiżowych targach Intermodal Europe w RAI Amsterdam. To jedno z najważniejszych wydarzeń branży logistycznej i transportowej w Europie, które co roku przyciąga wystawców i gości z całego świata, pragnących nawiązać nowe kontakty biznesowe oraz zaprezentować innowacyjne rozwiązania. Na targach Intermodal przedstawiliśmy nasze [&hellip;]</p>
