{"id":1166,"date":"2020-10-11T06:17:04","date_gmt":"2020-10-11T06:17:04","guid":{"rendered":"http:\/\/immersafe.sk\/shop\/?post_type=product&#038;p=1166"},"modified":"2025-07-25T14:05:57","modified_gmt":"2025-07-25T14:05:57","slug":"koperta-bezpieczna-b4-transparentna","status":"publish","type":"product","link":"https:\/\/immersafe.pl\/sklep\/produkt\/koperty-i-woreczki\/koperty-bezpieczne\/koperta-bezpieczna-b4-transparentna\/","title":{"rendered":"Koperta Bezpieczna B4 &#8211; transparentna"},"content":{"rendered":"<h3>Koperta Bezpieczna B4<\/h3>\n<p>Przezroczyste koperty bezpieczne s\u0105 stosowane do przekazu i deponowania zawarto\u015bci, kt\u00f3ra powinna by\u0107 widoczna \u2013 pr\u00f3bki, dowody rzeczowe lub klucze.<\/p>\n<p>Koperty depozytowe s\u0105 wyposa\u017cone w specjaln\u0105 ta\u015bm\u0119 samolakuj\u0105c\u0105, kt\u00f3ra uniemo\u017cliwia otwarcie koperty bez pozostawienia \u015blad\u00f3w. Sama ta\u015bma gwarantuje najwy\u017cszy poziom bezpiecze\u0144stwa &#8211; s\u0105 w niej zastosowane a\u017c 4 indykatory, kt\u00f3re ujawniaj\u0105 pr\u00f3by manipulacji przy zastosowaniu technik mechanicznych, chemicznych, wysokich i niskich temperatur.<\/p>\n<p>Koperty bezpieczne s\u0105 wykonane z mocnej, tr\u00f3jwarstwowej, zgrzewanej folii odpornej na rozrywanie i przypadkowe uszkodzenia w transporcie. Zastosowany mikrodruk stanowi zabezpieczenie bocznych kraw\u0119dzi koperty, dzi\u0119ki niemu rozci\u0119cie brzegu i ponowne zgrzanie jest od razu widoczne. Dodatkowe odcinki kwituj\u0105ce stanowi\u0105 dokument przekazania koperty.<\/p>\n<p>Stosujemy tylko unikaln\u0105 numeracj\u0119 kopert.<\/p>\n<h5>Zastosowanie<\/h5>\n<ul>\n<li>deponowanie i przekaz got\u00f3wki<\/li>\n<li>zabezpieczanie kluczy i kart dost\u0119powych<\/li>\n<li>przechowywanie pr\u00f3bek<\/li>\n<li>zabezpieczanie dowod\u00f3w rzeczowych<\/li>\n<\/ul>\n","protected":false},"excerpt":{"rendered":"<p>260&#215;350 mm<br \/>\n+ odcinki kwituj\u0105ce<\/p>\n","protected":false},"featured_media":1755,"template":"","meta":[],"product_brand":[],"product_cat":[23],"product_tag":[],"class_list":{"0":"post-1166","1":"product","2":"type-product","3":"status-publish","4":"has-post-thumbnail","6":"product_cat-koperty-bezpieczne","8":"first","9":"instock","10":"taxable","11":"shipping-taxable","12":"purchasable","13":"product-type-simple"},"tiered_pricing_type":"fixed","tiered_pricing_fixed_rules":{"50":"3.48","250":"2.28","500":"1.80","1000":"1.2"},"_links":{"self":[{"href":"https:\/\/immersafe.pl\/sklep\/wp-json\/wp\/v2\/product\/1166","targetHints":{"allow":["GET"]}}],"collection":[{"href":"https:\/\/immersafe.pl\/sklep\/wp-json\/wp\/v2\/product"}],"about":[{"href":"https:\/\/immersafe.pl\/sklep\/wp-json\/wp\/v2\/types\/product"}],"wp:featuredmedia":[{"embeddable":true,"href":"https:\/\/immersafe.pl\/sklep\/wp-json\/wp\/v2\/media\/1755"}],"wp:attachment":[{"href":"https:\/\/immersafe.pl\/sklep\/wp-json\/wp\/v2\/media?parent=1166"}],"wp:term":[{"taxonomy":"product_brand","embeddable":true,"href":"https:\/\/immersafe.pl\/sklep\/wp-json\/wp\/v2\/product_brand?post=1166"},{"taxonomy":"product_cat","embeddable":true,"href":"https:\/\/immersafe.pl\/sklep\/wp-json\/wp\/v2\/product_cat?post=1166"},{"taxonomy":"product_tag","embeddable":true,"href":"https:\/\/immersafe.pl\/sklep\/wp-json\/wp\/v2\/product_tag?post=1166"}],"curies":[{"name":"wp","href":"https:\/\/api.w.org\/{rel}","templated":true}]}}