{"id":1485,"date":"2021-01-27T15:19:16","date_gmt":"2021-01-27T15:19:16","guid":{"rendered":"http:\/\/immersafe.sk\/shop\/?post_type=product&#038;p=1485"},"modified":"2024-10-17T11:43:50","modified_gmt":"2024-10-17T11:43:50","slug":"woreczki-strunowe-z-panelem-do-opisu-60x80-mm","status":"publish","type":"product","link":"https:\/\/immersafe.pl\/sklep\/produkt\/koperty-i-woreczki\/woreczki-strunowe\/woreczki-strunowe-z-panelem-do-opisu-60x80-mm\/","title":{"rendered":"Woreczki strunowe z panelem do opisu 60&#215;80 mm"},"content":{"rendered":"<p>Woreczki do pakowania posortowanego bilonu. Bia\u0142y panel s\u0142u\u017cy do robienia notatek d\u0142ugopisem. Woreczki s\u0105 wielokrotnego u\u017cytku.<\/p>\n<p>&#8211; 60&#215;80 mm<\/p>\n","protected":false},"excerpt":{"rendered":"<p>Woreczki strunowe wielokrotnego u\u017cytku.<\/p>\n","protected":false},"featured_media":1484,"template":"","meta":[],"product_brand":[],"product_cat":[38,120],"product_tag":[],"class_list":{"0":"post-1485","1":"product","2":"type-product","3":"status-publish","4":"has-post-thumbnail","6":"product_cat-zastosowania","7":"product_cat-woreczki-strunowe","9":"first","10":"instock","11":"taxable","12":"shipping-taxable","13":"purchasable","14":"product-type-simple"},"tiered_pricing_type":"fixed","tiered_pricing_fixed_rules":{"1000":"0.06","2000":"0.05","5000":"0.04"},"_links":{"self":[{"href":"https:\/\/immersafe.pl\/sklep\/wp-json\/wp\/v2\/product\/1485","targetHints":{"allow":["GET"]}}],"collection":[{"href":"https:\/\/immersafe.pl\/sklep\/wp-json\/wp\/v2\/product"}],"about":[{"href":"https:\/\/immersafe.pl\/sklep\/wp-json\/wp\/v2\/types\/product"}],"wp:featuredmedia":[{"embeddable":true,"href":"https:\/\/immersafe.pl\/sklep\/wp-json\/wp\/v2\/media\/1484"}],"wp:attachment":[{"href":"https:\/\/immersafe.pl\/sklep\/wp-json\/wp\/v2\/media?parent=1485"}],"wp:term":[{"taxonomy":"product_brand","embeddable":true,"href":"https:\/\/immersafe.pl\/sklep\/wp-json\/wp\/v2\/product_brand?post=1485"},{"taxonomy":"product_cat","embeddable":true,"href":"https:\/\/immersafe.pl\/sklep\/wp-json\/wp\/v2\/product_cat?post=1485"},{"taxonomy":"product_tag","embeddable":true,"href":"https:\/\/immersafe.pl\/sklep\/wp-json\/wp\/v2\/product_tag?post=1485"}],"curies":[{"name":"wp","href":"https:\/\/api.w.org\/{rel}","templated":true}]}}