{"id":158,"date":"2020-07-30T12:19:02","date_gmt":"2020-07-30T12:19:02","guid":{"rendered":"http:\/\/dshop.ehades.eu\/product\/import-placeholder-for-62\/"},"modified":"2025-07-25T11:32:01","modified_gmt":"2025-07-25T11:32:01","slug":"plomba-o-stalej-dlugosci-ring-seal","status":"publish","type":"product","link":"https:\/\/immersafe.pl\/sklep\/produkt\/plomby-zabezpieczajace\/plomby-o-stalej-dlugosci\/plomba-o-stalej-dlugosci-ring-seal\/","title":{"rendered":"Plomba o sta\u0142ej d\u0142ugo\u015bci RING SEAL"},"content":{"rendered":"<p>Ring Seal to ca\u0142kowicie plastikowa plomba o sta\u0142ej d\u0142ugo\u015bci. Zamykanie plomby polega na wci\u015bni\u0119ciu paska do komory plombuj\u0105cej. Dzi\u0119ki zachowaniu sta\u0142ej d\u0142ugo\u015bci operacyjnej plomba nie zerwie si\u0119 podczas transportu co mog\u0142o by mie\u0107 miejsce przy zbyt mocnym zaci\u0105gni\u0119ciu plomby zaciskowej.<\/p>\n<p>Ring Seal posiada element, kt\u00f3ry pozwala na weryfikacj\u0119 poprawno\u015bci zamkni\u0119cia plomby oraz specjalne os\u0142abienie paska plombuj\u0105cego co u\u0142atwia zerwanie plomby.<\/p>\n<p>Na pasku mo\u017cna nanie\u015b\u0107 numeracj\u0119, kod kreskowy i logo.<\/p>\n<h5>Zastosowanie<\/h5>\n<ul>\n<li>logistyka<\/li>\n<li>transport<\/li>\n<li>firmy kurierskie<\/li>\n<\/ul>\n","protected":false},"excerpt":{"rendered":"<p>Plastikowa plomba stosowana w transporcie i logistyce<\/p>\n","protected":false},"featured_media":557,"template":"","meta":[],"product_brand":[],"product_cat":[77,261,69,33],"product_tag":[],"class_list":{"0":"post-158","1":"product","2":"type-product","3":"status-publish","4":"has-post-thumbnail","6":"product_cat-plomby-o-stalej-dlugosci","7":"product_cat-plomby-numerowane","8":"product_cat-plomby-plastikowe","9":"product_cat-plomby-zabezpieczajace","11":"first","12":"instock","13":"featured","14":"taxable","15":"shipping-taxable","16":"purchasable","17":"product-type-simple"},"tiered_pricing_type":"fixed","tiered_pricing_fixed_rules":{"50":"1.86","250":"0.96","500":"0.72","1000":"0.6"},"_links":{"self":[{"href":"https:\/\/immersafe.pl\/sklep\/wp-json\/wp\/v2\/product\/158","targetHints":{"allow":["GET"]}}],"collection":[{"href":"https:\/\/immersafe.pl\/sklep\/wp-json\/wp\/v2\/product"}],"about":[{"href":"https:\/\/immersafe.pl\/sklep\/wp-json\/wp\/v2\/types\/product"}],"wp:featuredmedia":[{"embeddable":true,"href":"https:\/\/immersafe.pl\/sklep\/wp-json\/wp\/v2\/media\/557"}],"wp:attachment":[{"href":"https:\/\/immersafe.pl\/sklep\/wp-json\/wp\/v2\/media?parent=158"}],"wp:term":[{"taxonomy":"product_brand","embeddable":true,"href":"https:\/\/immersafe.pl\/sklep\/wp-json\/wp\/v2\/product_brand?post=158"},{"taxonomy":"product_cat","embeddable":true,"href":"https:\/\/immersafe.pl\/sklep\/wp-json\/wp\/v2\/product_cat?post=158"},{"taxonomy":"product_tag","embeddable":true,"href":"https:\/\/immersafe.pl\/sklep\/wp-json\/wp\/v2\/product_tag?post=158"}],"curies":[{"name":"wp","href":"https:\/\/api.w.org\/{rel}","templated":true}]}}